 divided by 75005?
1543
Calculate the remainder when 64331864 is divided by 28191.
2
Calculate the remainder when 18818419 is divided by 9409209.
1
What is the remainder when 203818 is divided by 1888?
1802
Calculate the remainder when 6093486 is divided by 580.
6
What is the remainder when 437156 is divided by 14101?
25
What is the remainder when 397449 is divided by 3939?
3549
Calculate the remainder when 960189 is divided by 137169.
6
What is the remainder when 1376823 is divided by 688368?
87
What is the remainder when 24465 is divided by 6106?
41
Calculate the remainder when 14697068 is divided by 1336097.
1
Calculate the remainder when 38513 is divided by 3309.
2114
Calculate the remainder when 151608093 is divided by 36.
33
What is the remainder when 105533660 is divided by 55?
45
What is the remainder when 22894350 is divided by 545?
535
Calculate the remainder when 175842 is divided by 2095.
1957
Calculate the remainder when 23777 is divided by 439.
71
What is the remainder when 377603 is divided by 739?
713
What is the remainder when 31701542 is divided by 40?
22
What is the remainder when 4528304 is divided by 308?
88
What is the remainder when 337738250 is divided by 4?
2
What is the remainder when 1197643 is divided by 239526?
13
What is the remainder when 596052 is divided by 175?
2
Calculate the remainder when 1602672 is divided by 615.
597
Calculate the remainder when 1343337 is divided by 38370.
387
What is the remainder when 1629250 is divided by 814622?
6
Calculate the remainder when 1237349 is divided by 7882.
7757
What is the remainder when 983777 is divided by 1914?
1895
What is the remainder when 1105889 is divided by 52?
5
Calculate the remainder when 4271247 is divided by 1423739.
30
Calculate the remainder when 191209 is divided by 1723.
1679
Calculate the remainder when 819166 is divided by 63010.
36
What is the remainder when 698955979 is divided by 10?
9
What is the remainder when 44654556 is divided by 51?
27
Calculate the remainder when 147709 is divided by 3711.
2980
What is the remainder when 150143 is divided by 3497?
3269
Calculate the remainder when 148335 is divided by 596.
527
What is the remainder when 13682719 is divided by 6841339?
41
What is the remainder when 5860865 is divided by 217?
129
Calculate the remainder when 38218848 is divided by 1186.
1184
Calculate the remainder when 26831645 is divided by 304905.
5
Calculate the remainder when 255023635 is divided by 626.
625
Calculate the remainder when 118111 is divided by 1642.
1529
What is the remainder when 43295173 is divided by 343?
341
Calculate the remainder when 6161962 is divided by 220.
202
Calculate the remainder when 148247 is divided by 394.
103
What is the remainder when 505135 is divided by 63141?
7
What is the remainder when 52159950 is divided by 2862?
0
Calculate the remainder when 7128 is divided by 501.
114
Calculate the remainder when 309149 is divided by 724.
1
What is the remainder when 831348 is divided by 48770?
2258
Calculate the remainder when 3575935 is divided by 304.
287
What is the remainder when 17498 is divided by 86?
40
Calculate the remainder when 34788 is divided by 2674.
26
What is the remainder when 309549207 is divided by 15?
12
What is the remainder when 492715 is divided by 3398?
5
Calculate the remainder when 36184 is divided by 11080.
2944
Calculate the remainder when 335868 is divided by 422.
378
What is the remainder when 342583247 is divided by 3378?
3377
What is the remainder when 1614397 is divided by 4848?
13
What is the remainder when 527866 is divided by 43973?
190
Calculate the remainder when 753491 is divided by 250783.
1142
Calculate the remainder when 8108211 is divided by 37.
31
Calculate the remainder when 12601684 is divided by 79.
78
Calculate the remainder when 164406 is divided by 22870.
4316
What is the remainder when 25499656 is divided by 170?
166
What is the remainder when 10988 is divided by 10645?
343
Calculate the remainder when 16089519 is divided by 11411.
9
Calculate the remainder when 150650 is divided by 75027.
596
What is the remainder when 70798 is divided by 1009?
168
What is the remainder when 2573288 is divided by 172?
168
Calculate the remainder when 44701 is divided by 8654.
1431
Calculate the remainder when 135521 is divided by 7449.
1439
Calculate the remainder when 907246 is divided by 7089.
6943
Calculate the remainder when 159052 is divided by 7784.
3372
What is the remainder when 1716306 is divided by 3244?
230
What is the remainder when 35056136 is divided by 399?
395
Calculate the remainder when 1386365 is divided by 26658.
149
Calculate the remainder when 1091034 is divided by 585.
9
Calculate the remainder when 8411 is divided by 1489.
966
Calculate the remainder when 9633616 is divided by 4.
0
Calculate the remainder when 355265852 is divided by 1056.
1052
Calculate the remainder when 616294 is divided by 14006.
30
Calculate the remainder when 150545 is divided by 299.
148
What is the remainder when 273105417 is divided by 980?
977
Calculate the remainder when 48702983 is divided by 3448.
3431
What is the remainder when 462523 is divided by 45927?
3253
Calculate the remainder when 3345103 is divided by 3344865.
238
Calculate the remainder when 20337561 is divided by 782213.
23
What is the remainder when 459830 is divided by 307?
251
What is the remainder when 225685 is divided by 112809?
67
Calculate the remainder when 28425842 is divided by 9.
8
What is the remainder when 103664 is divided by 230?
164
What is the remainder when 368020 is divided by 52573?
9
Calculate the remainder when 205933 is divided by 25607.
1077
Calculate the remainder when 894257 is divided by 995.
747
Calculate the remainder when 20336081 is divided by 4077.
5
What is the remainder when 612914 is divided by 1081?
1068
Calculate the remainder when 10583026 is divided by 18.
16
What is the remainder when 1983632 is divided by 1336?
1008
What is the remainder when 3305310 is divided by 32405?
0
What is the remainder when 498344 is divided by 15100?
44
Calculate the remainder when 25585 is divided by 1768.
833
What is the remainder when 3954014 is divided by 1977001?
12
Calculate the remainder when 2535471 is divided by 620.
291
Calculate the remainder when 207181 is divided by 68191.
2608
What is the remainder when 7017534 is divided by 30?
24
What is the remainder when 1403381 is divided by 194?
179
Calculate the remainder when 7881218 is divided by 458.
412
Calculate the remainder when 18803229 is divided by 347.
340
What is the remainder when 43683 is divided by 1259?
877
Calculate the remainder when 7140871 is divided by 269.
266
What is the remainder when 62617 is divided by 5185?
397
Calculate the remainder when 14033577 is divided by 947.
931
What is the remainder when 94688508 is divided by 342?
336
What is the remainder when 1777026 is divided by 195?
186
What is the remainder when 164201 is divided by 10?
1
Calculate the remainder when 222004 is divided by 855.
559
What is the remainder when 88785878 is divided by 1729?
1728
What is the remainder when 149812 is divided by 29960?
12
Calculate the remainder when 169317 is divided by 350.
267
Calculate the remainder when 11608049 is divided by 637.
635
Calculate the remainder when 3598 is divided by 503.
77
What is the remainder when 54621357 is divided by 8357?
5
Calculate the remainder when 12914978 is divided by 31.
6
Calculate the remainder when 24889 is divided by 2971.
1121
Calculate the remainder when 721787 is divided by 51.
35
What is the remainder when 21112 is divided by 7036?
4
What is the remainder when 96466 is divided by 32096?
178
Calculate the remainder when 886346 is divided by 11628.
2618
Calculate the remainder when 675832 is divided by 48.
40
Calculate the remainder when 127668 is divided by 139.
66
What is the remainder when 2978321 is divided by 651?
647
Calculate the remainder when 58163 is divided by 6385.
698
Calculate the remainder when 20965 is divided by 4942.
1197
What is the remainder when 147121116 is divided by 51405?
6
What is the remainder when 762841 is divided by 40120?
561
What is the remainder when 936849 is divided by 55107?
30
Calculate the remainder when 17423806 is divided by 12142.
36
